{"id":16,"date":"2018-06-17T06:36:49","date_gmt":"2018-06-17T06:36:49","guid":{"rendered":"http:\/\/frauengeschichte-bruchsal.de\/?page_id=16"},"modified":"2025-09-30T14:17:42","modified_gmt":"2025-09-30T14:17:42","slug":"aktuell","status":"publish","type":"page","link":"https:\/\/frauengeschichte-bruchsal.de\/index.php\/veranstaltungen\/aktuell\/","title":{"rendered":"FrauenNetzwerk"},"content":{"rendered":"\n<p>Brosch\u00fcre zur Erinnerung an 25 Jahre frauenpolitisches Engagement in Bruchsal:<br><strong><mark style=\"background-color:rgba(0, 0, 0, 0);color:#a41e92\" class=\"has-inline-color\">Ein Viertel Jahrhundert FrauenNetzwerk Bruchsal e.V. &#8211;<br>von der Frauenbewegung zum Serviceclub.<\/mark><\/strong><\/p>\n\n\n\n<p><\/p>\n\n\n\n<figure class=\"wp-block-gallery has-nested-images columns-default is-cropped wp-block-gallery-1 is-layout-flex wp-block-gallery-is-layout-flex\">\n<figure class=\"wp-block-image size-large\"><img loading=\"lazy\" decoding=\"async\" width=\"1200\" height=\"800\" data-id=\"292\" src=\"http:\/\/frauengeschichte-bruchsal.de\/wp-content\/uploads\/2022\/04\/Broschuere_klein.jpg\" alt=\"\" class=\"wp-image-292\" srcset=\"https:\/\/frauengeschichte-bruchsal.de\/wp-content\/uploads\/2022\/04\/Broschuere_klein.jpg 1200w, https:\/\/frauengeschichte-bruchsal.de\/wp-content\/uploads\/2022\/04\/Broschuere_klein-300x200.jpg 300w, https:\/\/frauengeschichte-bruchsal.de\/wp-content\/uploads\/2022\/04\/Broschuere_klein-1024x683.jpg 1024w, https:\/\/frauengeschichte-bruchsal.de\/wp-content\/uploads\/2022\/04\/Broschuere_klein-768x512.jpg 768w\" sizes=\"auto, (max-width: 767px) 89vw, (max-width: 1000px) 54vw, (max-width: 1071px) 543px, 580px\" \/><\/figure>\n<\/figure>\n\n\n\n<p>\u00dcbergabe der Brosch\u00fcre an Oberb\u00fcrgermeisterin Petzold-Schick im Rathaus Bruchsal, <br>7. M\u00e4rz 2022, Foto Brigitte H\u00fcbner<\/p>\n\n\n\n<figure class=\"wp-block-gallery has-nested-images columns-default is-cropped wp-block-gallery-2 is-layout-flex wp-block-gallery-is-layout-flex\">\n<figure class=\"wp-block-image size-large\"><img loading=\"lazy\" decoding=\"async\" width=\"1024\" height=\"792\" data-id=\"241\" src=\"http:\/\/frauengeschichte-bruchsal.de\/wp-content\/uploads\/2022\/01\/Broschure3_web-3-1024x792.jpg\" alt=\"\" class=\"wp-image-241\" srcset=\"https:\/\/frauengeschichte-bruchsal.de\/wp-content\/uploads\/2022\/01\/Broschure3_web-3-1024x792.jpg 1024w, https:\/\/frauengeschichte-bruchsal.de\/wp-content\/uploads\/2022\/01\/Broschure3_web-3-300x232.jpg 300w, https:\/\/frauengeschichte-bruchsal.de\/wp-content\/uploads\/2022\/01\/Broschure3_web-3-768x594.jpg 768w, https:\/\/frauengeschichte-bruchsal.de\/wp-content\/uploads\/2022\/01\/Broschure3_web-3-1536x1188.jpg 1536w, https:\/\/frauengeschichte-bruchsal.de\/wp-content\/uploads\/2022\/01\/Broschure3_web-3.jpg 1894w\" sizes=\"auto, (max-width: 767px) 89vw, (max-width: 1000px) 54vw, (max-width: 1071px) 543px, 580px\" \/><\/figure>\n<\/figure>\n\n\n\n<p>Im Jahr 1987 war es in Bruchsal so weit: Oberb\u00fcrgermeister Bernd Doll bestellte Gertrud Megerle zur ersten Frauenbeauftragten der Stadt. Doch statt f\u00fcr Ruhe und Ordnung sorgte sie daf\u00fcr, dass auch ohne sie der Kampf um die Gleichstellungsstelle weitergef\u00fchrt wurde. Das von ihr 1993 mit gegr\u00fcndete FrauenNetzwerk Bruchsal e.V. setzte sich nachdr\u00fccklich, \u00fcberparteilich und \u00fcberkonfessionell, immer wieder f\u00fcr den Erhalt der Gleichstellungsstelle ein, ebenso f\u00fcr Schutz vor Gewalt, f\u00fcr Kinderbetreuung und Integration, eine familienfreundliche Stadt und Radwege. Tatkr\u00e4ftig unterst\u00fctzte das FrauenNetzwerk zahlreiche Veranstaltungen, insbesondere die Feiern zum Internationalen Frauentag und das Internationale Frauencafe Bruchsal. Nach 25 Jahren l\u00f6ste sich der Verein FrauenNetzwerk im Jahr 2018 auf. Viele seiner Projekte sind heute fester Bestandteil des gesellschaftlichen Lebens und der st\u00e4dtischen Politik. Mit der Forderung nach Institutionalisierung hatte er Erfolg.<\/p>\n\n\n\n<p>Um zu erinnern, was viele kleine Initiativen wie das FrauenNetzwerk Bruchsal auf dem Weg zur Gleichberechtigung geleistet und erreicht haben, wurde die Geschichte in einer Brosch\u00fcre mit zahlreichen Fotos erstellt und mit Hilfe der B\u00fcrgerStiftung Bruchsal gedruckt.\u00a0Die Brosch\u00fcre ist vergriffen, steht aber unter &#8222;Publikationen&#8220; zum Download bereit. <\/p>\n\n\n\n<p><\/p>\n","protected":false},"excerpt":{"rendered":"<p>Brosch\u00fcre zur Erinnerung an 25 Jahre frauenpolitisches Engagement in Bruchsal:Ein Viertel Jahrhundert FrauenNetzwerk Bruchsal e.V. &#8211;von der Frauenbewegung zum Serviceclub. \u00dcbergabe der Brosch\u00fcre an Oberb\u00fcrgermeisterin Petzold-Schick im Rathaus Bruchsal, 7. M\u00e4rz 2022, Foto Brigitte H\u00fcbner Im Jahr 1987 war es in Bruchsal so weit: Oberb\u00fcrgermeister Bernd Doll bestellte Gertrud Megerle zur ersten Frauenbeauftragten der Stadt. &hellip; <\/p>\n<p class=\"link-more\"><a href=\"https:\/\/frauengeschichte-bruchsal.de\/index.php\/veranstaltungen\/aktuell\/\" class=\"more-link\"><span class=\"screen-reader-text\">\u201eFrauenNetzwerk\u201c <\/span>weiterlesen<\/a><\/p>\n","protected":false},"author":1,"featured_media":0,"parent":14,"menu_order":4,"comment_status":"closed","ping_status":"closed","template":"","meta":{"footnotes":""},"class_list":["post-16","page","type-page","status-publish","hentry"],"_links":{"self":[{"href":"https:\/\/frauengeschichte-bruchsal.de\/index.php\/wp-json\/wp\/v2\/pages\/16","targetHints":{"allow":["GET"]}}],"collection":[{"href":"https:\/\/frauengeschichte-bruchsal.de\/index.php\/wp-json\/wp\/v2\/pages"}],"about":[{"href":"https:\/\/frauengeschichte-bruchsal.de\/index.php\/wp-json\/wp\/v2\/types\/page"}],"author":[{"embeddable":true,"href":"https:\/\/frauengeschichte-bruchsal.de\/index.php\/wp-json\/wp\/v2\/users\/1"}],"replies":[{"embeddable":true,"href":"https:\/\/frauengeschichte-bruchsal.de\/index.php\/wp-json\/wp\/v2\/comments?post=16"}],"version-history":[{"count":33,"href":"https:\/\/frauengeschichte-bruchsal.de\/index.php\/wp-json\/wp\/v2\/pages\/16\/revisions"}],"predecessor-version":[{"id":357,"href":"https:\/\/frauengeschichte-bruchsal.de\/index.php\/wp-json\/wp\/v2\/pages\/16\/revisions\/357"}],"up":[{"embeddable":true,"href":"https:\/\/frauengeschichte-bruchsal.de\/index.php\/wp-json\/wp\/v2\/pages\/14"}],"wp:attachment":[{"href":"https:\/\/frauengeschichte-bruchsal.de\/index.php\/wp-json\/wp\/v2\/media?parent=16"}],"curies":[{"name":"wp","href":"https:\/\/api.w.org\/{rel}","templated":true}]}}